Is 444884 a multiple of 25?
False
Is 4481245 a multiple of 95?
True
Is 948527 a multiple of 18?
False
Does 5 divide 4804705?
True
Is 23 a factor of 205858?
False
Does 91 divide 7625982?
True
Is 3102509 a multiple of 213?
False
Is 217503 a multiple of 117?
True
Is 331192 even?
True
Does 1074 divide 5474794?
False
Is 6 a factor of 119058?
True
Does 2 divide 376998?
True
Does 16 divide 2061568?
True
Is 65477 a multiple of 41?
True
Does 4 divide 146352?
True
Is 498617 a multiple of 163?
True
Does 310 divide 1039120?
True
Does 196 divide 941093?
False
Is 32 a factor of 21235552?
True
Does 33 divide 204369?
True
Is 1698414 a multiple of 58?
True
Is 103137 a multiple of 31?
True
Is 918 a factor of 23686399?
False
Does 135 divide 561735?
True
Is 627841 a multiple of 16?
False
Is 2 a factor of 300736?
True
Is 101970 a multiple of 103?
True
Is 555642 a multiple of 18?
True
Is 2379269 a multiple of 468?
False
Is 110 a factor of 2124911?
False
Is 1638 a multiple of 26?
True
Is 41 a factor of 364408?
True
Does 312 divide 2778755?
False
Does 87 divide 6069?
False
Is 76076 a multiple of 77?
True
Does 10 divide 77895?
False
Does 279 divide 76446?
True
Is 48 a factor of 410976?
True
Is 520452 a multiple of 244?
True
Is 6536 a multiple of 3?
False
Does 637 divide 411673?
False
Is 36162302 a multiple of 14?
False
Is 17242 a multiple of 5?
False
Does 91 divide 31941?
True
Is 33 a factor of 78177?
True
Does 284 divide 1338023?
False
Is 24270 a multiple of 10?
True
Is 664 a factor of 7756522?
False
Is 12364534 a multiple of 287?
True
Does 4 divide 251971?
False
Is 1268 a factor of 9622852?
True
Does 24 divide 900456?
True
Does 568 divide 12678896?
True
Is 45 a factor of 80820?
True
Does 7 divide 249260?
False
Is 2314067 a multiple of 133?
True
Is 82 a factor of 8030421?
False
Is 1563125 a multiple of 41?
True
Does 121 divide 94563?
False
Is 2215040 a multiple of 32?
True
Is 12344488 a multiple of 13?
True
Is 10 a factor of 768710?
True
Is 1252375 a multiple of 125?
True
Does 18 divide 30222?
True
Is 15 a factor of 15173768?
False
Is 3 a factor of 452451?
True
Is 294484 a multiple of 39?
False
Does 47 divide 646344?
True
Is 41833 a multiple of 5?
False
Is 141 a factor of 3473676?
True
Is 8085184 a multiple of 17?
False
Does 144 divide 73872?
True
Is 103885 a multiple of 36?
False
Is 22 a factor of 539594?
True
Is 308 a factor of 381920?
True
Is 8 a factor of 12248242?
False
Is 11 a factor of 607679?
False
Is 209452 even?
True
Does 29 divide 739442?
True
Is 2339676 a multiple of 51?
True
Does 27 divide 3072304?
False
Is 196779 a multiple of 67?
True
Does 114 divide 5703534?
True
Is 314 a factor of 9390129?
False
Does 13 divide 1179033?
False
Is 326 a factor of 1492754?
True
Is 791218 a multiple of 42?
False
Does 8 divide 21088?
True
Is 181260 a multiple of 20?
True
Does 3 divide 100788?
True
Does 3 divide 10180?
False
Is 266 a factor of 4043732?
True
Is 6 a factor of 4275?
False
Does 202 divide 6703168?
True
Is 4 a factor of 102326?
False
Is 16 a factor of 1037728?
True
Is 2406216 a multiple of 1874?
True
Is 14 a factor of 237566?
True
Is 349170 a multiple of 103?
True
Is 2923150 a multiple of 50?
True
Is 1299308 a multiple of 421?
False
Is 246305 a multiple of 5?
True
Does 20 divide 114318?
False
Does 17 divide 35261366?
True
Is 8680924 a multiple of 433?
False
Is 20 a factor of 5743660?
True
Is 4 a factor of 395672?
True
Is 240 a factor of 6904073?
False
Is 406 a multiple of 3?
False
Does 54 divide 1276776?
True
Is 2 a factor of 285812?
True
Does 101 divide 194236?
False
Is 70717 a multiple of 271?
False
Is 177550 a multiple of 10?
True
Does 7 divide 3046461?
False
Is 151114 a multiple of 110?
False
Is 1095125 a multiple of 25?
True
Is 54316 a multiple of 74?
True
Does 363 divide 930619?
False
Is 4823064 a multiple of 24?
True
Does 50 divide 586261?
False
Is 13922 a multiple of 30?
False
Is 8 a factor of 492175?
False
Does 10 divide 2535173?
False
Does 6 divide 9081?
False
Is 33 a factor of 5461451?
False
Is 32 a factor of 672864?
True
Is 108266 a multiple of 16?
False
Is 22770 a multiple of 14?
False
Does 74 divide 53798?
True
Is 17 a factor of 183923?
True
Is 319 a factor of 3710278?
False
Is 25 a factor of 8258?
False
Does 25 divide 531681?
False
Does 54 divide 2006640?
True
Is 765195 a multiple of 186?
False
Does 48 divide 67738?
False
Is 118 a factor of 38704?
True
Is 11020667 a multiple of 17?
False
Is 498 a factor of 13748286?
True
Does 259 divide 5460580?
False
Is 7192055 a multiple of 43?
False
Does 16 divide 1766641?
False
Is 78 a factor of 1742364?
True
Does 587 divide 245796?
False
Is 83 a factor of 138892?
False
Does 32 divide 2032224?
True
Does 7 divide 1103515?
True
Does 48 divide 564672?
True
Is 1507196 a multiple of 527?
False
Is 38571 a multiple of 21?
False
Does 33 divide 1956193?
False
Is 552698 a multiple of 50?
False
Is 329458 a multiple of 40?
False
Is 35085 a multiple of 48?
False
Is 2944150 a multiple of 1010?
True
Is 516 a factor of 105389?
False
Is 28 a factor of 62155?
False
Is 21708 a multiple of 134?
True
Is 6 a factor of 22626?
True
Does 72 divide 679791?
False
Is 77446 a multiple of 31?
False
Is 27 a factor of 60176?
False
Is 1431 a factor of 951615?
True
Does 610 divide 435540?
True
Is 472394 a multiple of 26?
True
Is 6 a factor of 1287748?
False
Does 41 divide 3362?
True
Does 91 divide 360105?
False
Is 393 a factor of 1322342?
False
Is 61 a factor of 237965?
False
Is 98 a factor of 1398362?
True
Is 359398 a multiple of 16?
False
Is 110867 even?
False
Is 884225 a multiple of 113?
True
Is 2540390 a multiple of 14?
False
Does 575 divide 15497998?
False
Does 38 divide 1063582?
True
Is 325 a factor of 313947?
False
Is 16 a factor of 203760?
True
Is 345016 a multiple of 244?
True
Is 683 a factor of 3841630?
False
Is 27 a factor of 5612659?
False
Is 151627 a multiple of 484?
False
Is 2420026 a multiple of 47?
False
Does 28 divide 1032925?
False
Is 100 a factor of 11600?
True
Does 21 divide 211533?
True
Is 35 a factor of 138775?
True
Is 3552041 a multiple of 809?
False
Is 51 a factor of 616998?
True
Does 18 divide 364356?
True
Is 88 a factor of 9232523?
False
Is 83232 a multiple of 4?
True
Is 34 a factor of 91358?
True
Is 34 a factor of 214302?
True
Is 161 a factor of 1679998?
False
Is 913 a factor of 6550775?
True
Does 98 divide 26692749?
False
Is 62 a factor of 582428?
True
Is 64 a factor of 1183396?
False
Does 10 divide 4822670?
True
Is 8 a factor of 177106?
False
Does 9 divide 1075230?
True
Does 12 divide 325932?
True
Does 54 divide 2541389?
False
Is 843 a factor of 902853?
True
Is 6 a factor of 7344?
True
Is 501967 a multiple of 146?
False
Is 705 a factor of 1797305?
False
Is 2011077 a multiple of 221?
False
Is 5 a factor of 304785?
True
Is 123751 a multiple of 47?
True
Does 17 divide 5106922?
False
Is 25 a factor of 342928?
False
Does 432 divide 570520?
False
Is 758051 a multiple of 4?
False
Is 958832 a multiple of 196?
True
Is 14500 a multiple of 9?
False
Does 160 divide 3360105?
False
Does 133 divide 2231740?
True
Does 377 divide 318565?
True
Does 48 divide 557520?
True
Is 19 a factor of 3048443?
False
Is 157 a factor of 54636?
True
Does 15 divide 706945?
False
Does 65 divide 232499?
False
Does 5 divide 13730777?
False
Is 77710 a multiple of 19?
True
Is 693440 a multiple of 985?
True
Does 41 divide 96719?
True
Is 222 a factor of 244866?
True
Is 133 a factor of 702506?
True
Is 25 a factor of 11330950?
True
Does 711 divide 16614804?
False
Does 86 divide 9640342?
True
Does 288 divide 2382048?
True
Does 612 divide 1578135?
False
Is 3 a factor of 35001?
True
Does 32 divide 2508352?
True
Is 4 a factor of 783369?
False
Is 96 a factor of 1050251?
False
Is 216398 a multiple of 533?
True
Is 22 a factor of 439428?
True
Is 591 a factor of 21189714?
True
Does 2 divide 3059872?
True
Is 22 a factor of 2534004?
True
Is 312110 a multiple of 590?
True
Is 71 a factor of 58291?
True
Does 23 divide 105063?
False
Is 27 a factor of 18954?
True
Is 12630784 a multiple of 8?
True
Is 40670 a multiple of 10?
True
Is 32174 a multiple of 11?
False
Does 85 divide 26540?
False
Does 47 divide 1073903?
True
Does 4 divide 25053?
False
Is 8143795 a multiple of 555?
False
Is 7154472 a multiple of 92?
True
Is 527 a factor of 15485720?
False
Is 130 a factor of 1605